{"id":31,"date":"2025-03-25T21:44:32","date_gmt":"2025-03-25T21:44:32","guid":{"rendered":"https:\/\/hfs.berghemsvanner.se\/?page_id=31"},"modified":"2025-03-30T15:17:31","modified_gmt":"2025-03-30T15:17:31","slug":"praktiskt","status":"publish","type":"page","link":"https:\/\/hfs.berghemsvanner.se\/?page_id=31","title":{"rendered":"Packlista"},"content":{"rendered":"\n<figure class=\"wp-block-image size-full\"><img loading=\"lazy\" decoding=\"async\" width=\"624\" height=\"592\" src=\"https:\/\/hfs.berghemsvanner.se\/wp-content\/uploads\/2025\/03\/packning.jpg\" alt=\"\" class=\"wp-image-88\" srcset=\"https:\/\/hfs.berghemsvanner.se\/wp-content\/uploads\/2025\/03\/packning.jpg 624w, https:\/\/hfs.berghemsvanner.se\/wp-content\/uploads\/2025\/03\/packning-300x285.jpg 300w\" sizes=\"auto, (max-width: 624px) 100vw, 624px\" \/><\/figure>\n\n\n\n<p>H\u00e4r nedan f\u00f6ljer ett f\u00f6rslag p\u00e5 packlista. Byn har muggar, tallrik och bestick till utl\u00e5ning. Men det kan vara klokt att ta med egen k\u00e5sa f\u00f6r ev \u00e4ventyr i skogen.<\/p>\n\n\n\n<p><strong>Lajvkl\u00e4der<\/strong>:<\/p>\n\n\n\n<ul class=\"wp-block-list\">\n<li>Superhj\u00e4ltedr\u00e4kt <\/li>\n<\/ul>\n\n\n\n<p><strong>Sova<\/strong>:<\/p>\n\n\n\n<ul class=\"wp-block-list\">\n<li>Sovs\u00e4ck<\/li>\n\n\n\n<li>Pyjamas<\/li>\n\n\n\n<li>Liggunderlag<\/li>\n\n\n\n<li>M\u00f6ssa &amp; vantar att sova i<\/li>\n\n\n\n<li>Ev eget t\u00e4lt <\/li>\n<\/ul>\n\n\n\n<p><strong>Hygien<\/strong>:<\/p>\n\n\n\n<ul class=\"wp-block-list\">\n<li>Tandborste<\/li>\n\n\n\n<li>Tandkr\u00e4m<\/li>\n\n\n\n<li>Deodorant<\/li>\n\n\n\n<li>ev mediciner<\/li>\n\n\n\n<li>Handuk<\/li>\n\n\n\n<li>Solkr\u00e4m<\/li>\n\n\n\n<li>Myggmedel (rekommenderas)<\/li>\n\n\n\n<li>Tv\u00e5l &#8211; Obs m\u00e5ste vara milj\u00f6v\u00e4nliga<\/li>\n<\/ul>\n\n\n\n<p><strong>Leva<\/strong>:<\/p>\n\n\n\n<ul class=\"wp-block-list\">\n<li>Underkl\u00e4der<\/li>\n\n\n\n<li>Strumpor<\/li>\n\n\n\n<li>Byxor t-shirt<\/li>\n\n\n\n<li>Tjocktr\u00f6ja<\/li>\n\n\n\n<li>Regnkl\u00e4der<\/li>\n\n\n\n<li>Regnskor<\/li>\n\n\n\n<li>Badkl\u00e4der<\/li>\n\n\n\n<li>Badhanduk<\/li>\n\n\n\n<li>Shorts<\/li>\n\n\n\n<li>Keps eller hatt<\/li>\n<\/ul>\n\n\n\n<p><strong>\u00d6vrigt<\/strong>:<\/p>\n\n\n\n<ul class=\"wp-block-list\">\n<li>Ficklampa<\/li>\n\n\n\n<li>Kniv<\/li>\n\n\n\n<li>Godis &#8211; obs m\u00e5ste vara n\u00f6tfritt (alla typer av n\u00f6tter ink jordn\u00f6tter) <\/li>\n\n\n\n<li>Skrivblock och penna<\/li>\n\n\n\n<li>Namnad vattenflaska<\/li>\n\n\n\n<li>Namnad k\u00e5sa<\/li>\n\n\n\n<li>Ett gott hum\u00f6r!<\/li>\n<\/ul>\n","protected":false},"excerpt":{"rendered":"<p>H\u00e4r nedan f\u00f6ljer ett f\u00f6rslag p\u00e5 packlista. Byn har muggar, tallrik och bestick till utl\u00e5ning. Men det kan vara klokt att ta med egen k\u00e5sa f\u00f6r ev \u00e4ventyr i skogen. Lajvkl\u00e4der: Sova: Hygien: Leva: \u00d6vrigt:<\/p>\n","protected":false},"author":1,"featured_media":0,"parent":0,"menu_order":0,"comment_status":"closed","ping_status":"closed","template":"","meta":{"footnotes":""},"class_list":["post-31","page","type-page","status-publish","hentry"],"_links":{"self":[{"href":"https:\/\/hfs.berghemsvanner.se\/index.php?rest_route=\/wp\/v2\/pages\/31","targetHints":{"allow":["GET"]}}],"collection":[{"href":"https:\/\/hfs.berghemsvanner.se\/index.php?rest_route=\/wp\/v2\/pages"}],"about":[{"href":"https:\/\/hfs.berghemsvanner.se\/index.php?rest_route=\/wp\/v2\/types\/page"}],"author":[{"embeddable":true,"href":"https:\/\/hfs.berghemsvanner.se\/index.php?rest_route=\/wp\/v2\/users\/1"}],"replies":[{"embeddable":true,"href":"https:\/\/hfs.berghemsvanner.se\/index.php?rest_route=%2Fwp%2Fv2%2Fcomments&post=31"}],"version-history":[{"count":12,"href":"https:\/\/hfs.berghemsvanner.se\/index.php?rest_route=\/wp\/v2\/pages\/31\/revisions"}],"predecessor-version":[{"id":209,"href":"https:\/\/hfs.berghemsvanner.se\/index.php?rest_route=\/wp\/v2\/pages\/31\/revisions\/209"}],"wp:attachment":[{"href":"https:\/\/hfs.berghemsvanner.se\/index.php?rest_route=%2Fwp%2Fv2%2Fmedia&parent=31"}],"curies":[{"name":"wp","href":"https:\/\/api.w.org\/{rel}","templated":true}]}}