{"id":90,"date":"2025-03-26T10:59:17","date_gmt":"2025-03-26T10:59:17","guid":{"rendered":"https:\/\/hfs.berghemsvanner.se\/?page_id=90"},"modified":"2026-02-06T12:29:45","modified_gmt":"2026-02-06T12:29:45","slug":"anmalan","status":"publish","type":"page","link":"https:\/\/hfs.berghemsvanner.se\/?page_id=90","title":{"rendered":"Anm\u00e4lan"},"content":{"rendered":"\n<hr class=\"wp-block-separator has-alpha-channel-opacity\"\/>\n\n\n\n<p><strong>Lajv:&nbsp;<\/strong>Handbok f\u00f6r superhj\u00e4ltar- Kraftkontroll\u00f6ren 2026<\/p>\n\n\n\n<p><strong>N\u00e4r<\/strong>:&nbsp;30-31 maj (l\u00f6rdag \u2013 s\u00f6ndag) 2026<\/p>\n\n\n\n<p><strong>Var:&nbsp;<\/strong>Berghems lajvby<\/p>\n\n\n\n<p><strong>Pris<\/strong>: barn: 250kr, vuxen\/funktion\u00e4r: 150kr + medlemsavgift f\u00f6r Berghemsv\u00e4nner<\/p>\n\n\n\n<p><strong>Antal platser<\/strong>: 40 barn + medf\u00f6ljande vuxenansvariga<\/p>\n\n\n\n<p><strong>Sista dag f\u00f6r anm\u00e4lan<\/strong>:&nbsp;30 april<\/p>\n\n\n\n<p><strong>\u00c5ldersgr\u00e4ns:<\/strong> \u00c5k 2-6<\/p>\n\n\n\n<p><strong>Anm\u00e4lningsl\u00e4nk till Omnes:<\/strong> <a href=\"https:\/\/anmalan.berghemsvanner.se\/\">H\u00c4R<\/a><\/p>\n\n\n\n<hr class=\"wp-block-separator has-alpha-channel-opacity\"\/>\n\n\n\n<p><strong>Hur du anm\u00e4ler dig i Omnes:<\/strong><\/p>\n\n\n\n<ol class=\"wp-block-list\">\n<li>Skapa en anv\u00e4ndare<\/li>\n\n\n\n<li>Tryck p\u00e5 &#8221;<em>l\u00e4gg till person&#8221; <\/em>och fyll i uppgifterna (Vuxna skall ha separat anv\u00e4ndare) och upprepa f\u00f6r dem barn du tar med dig. <\/li>\n\n\n\n<li>Tryck p\u00e5 <em>&#8221;v\u00e4lj lajv&#8221;<\/em> och <em>&#8221;Handbok f\u00f6r superhj\u00e4ltar&#8221; <\/em><\/li>\n\n\n\n<li>V\u00e4lj den person som anm\u00e4lan ber\u00f6r under <em>&#8221;Aktiv person&#8221;<\/em><\/li>\n\n\n\n<li>Under <em>&#8221;skapa&#8221;,<\/em> v\u00e4ljer d\u00e4r<em> &#8221;Deltagare&#8221;<\/em> och fyll i informationen. <\/li>\n\n\n\n<li>Under <em>&#8221;skapa&#8221;<\/em>, v\u00e4lj <em>&#8221;Karakt\u00e4r&#8221;<\/em> och fyll i informationen<\/li>\n\n\n\n<li>Under &#8221;<em>Anm\u00e4l<\/em>&#8221;, v\u00e4ljer du: &#8221;<em>Deltagare<\/em>&#8221; och fyller i informationen<\/li>\n\n\n\n<li>Upprepa steg  4-7 f\u00f6r dig och dina barn. <\/li>\n<\/ol>\n\n\n\n<p>F\u00f6rst n\u00e4r din anm\u00e4lningsavgift \u00e4r betald, din karakt\u00e4r blivit godk\u00e4nd och du \u00e4r medlem i Berhems v\u00e4nner r\u00e4knas du som fullt anm\u00e4ld och har en plats p\u00e5 lajvet.<\/p>\n\n\n\n<p>Skulle det vara s\u00e5 att din karakt\u00e4r inte blir godk\u00e4nd pga n\u00e5got \u00f6vrigt sk\u00e4l kommer du att f\u00e5 ett mail om vad som beh\u00f6vs \u00e5tg\u00e4rdas. Ifall n\u00e5got k\u00e4nns oklart kan du n\u00e5 oss direkt p\u00e5 hfs@berghemsvanner.se<\/p>\n\n\n\n<hr class=\"wp-block-separator has-alpha-channel-opacity\"\/>\n\n\n\n<p><strong>F\u00f6rv\u00e4ntningar p\u00e5 dig som medf\u00f6ljande vuxen:<\/strong><\/p>\n\n\n\n<ul class=\"wp-block-list\">\n<li>Att hj\u00e4lpa till med enklare uppgifter under lajvet. Detta kan vara att hacka gr\u00f6nsaker och frukt, eller diska en gryta eller tv\u00e5. <\/li>\n\n\n\n<li>Efter lajvet &#8211; ansvara f\u00f6r ett mindre st\u00e4domr\u00e5de i byn.<\/li>\n<\/ul>\n\n\n\n<p><strong>F\u00f6rv\u00e4ntningar p\u00e5 dig som Funktion\u00e4r:<\/strong><\/p>\n\n\n\n<ul class=\"wp-block-list\">\n<li>Kunna uppvisa p\u00e5 plats utdrag ur belastningsregistret. <\/li>\n\n\n\n<li>Utf\u00f6ra de uppdrag du har blivit tilldelad.<\/li>\n<\/ul>\n\n\n\n<hr class=\"wp-block-separator has-alpha-channel-opacity\"\/>\n\n\n\n<h2 class=\"wp-block-heading\"><strong>Anm\u00e4lan till Berghems v\u00e4nner<\/strong><\/h2>\n\n\n\n<p><a href=\"https:\/\/ebas.sverok.se\/signups\/index\/5915?fbclid=IwAR3E_o3Dx6AvvuBIZ1wHpg9klKW1J3qquF0oCGUbrVior6HRwSakPvLNstg\">TRYCK H\u00c4R<\/a><\/p>\n\n\n\n<p>I enlighet med beslut p\u00e5 Berghems v\u00e4nners \u00e5rsm\u00f6te kr\u00e4vs medlemskap i f\u00f6reningen f\u00f6r att delta p\u00e5 f\u00f6reningens officiella lajv. Detta betyder att man f\u00e5r delta p\u00e5 f\u00f6reningens samtliga lajv dvs Handbok f\u00f6r Superhj\u00e4ltar, Mareld, D\u00f6d Mans Hand, Kampen i Ringen och Domen \u00f6ver Hjorvard.<\/p>\n\n\n\n<p>Medlemsavgiften till Berghems v\u00e4nner (och d\u00e4rmed ocks\u00e5 SVEROK) \u00e4r 100kr\/vuxen och 10kr\/barn<\/p>\n\n\n\n<hr class=\"wp-block-separator has-alpha-channel-opacity\"\/>\n\n\n\n<h2 class=\"wp-block-heading\"><strong>Anm\u00e4lningsavgift<\/strong><\/h2>\n\n\n\n<p>F\u00f6r att vara helt anm\u00e4ld m\u00e5ste du betalat in till <strong>bankkonto: 8417-8, 814 295 391-1<\/strong> ange ditt<strong>personnummer <\/strong>som referens. Betalningen skall finnas p\u00e5 v\u00e5rt konto <strong>senast 30 april 2026<\/strong><br>Din anm\u00e4lan som deltagare inneb\u00e4r inte att din karakt\u00e4r \u00e4r godk\u00e4nd, utan det \u00e4r en separat process.<\/p>\n\n\n\n<p>OBS: alla anm\u00e4lningsavgifter skall betalas in separat.<\/p>\n\n\n\n<hr class=\"wp-block-separator has-alpha-channel-opacity\"\/>\n\n\n\n<h2 class=\"wp-block-heading\"><strong>Avanm\u00e4lningspolicy&nbsp;&nbsp;<\/strong><\/h2>\n\n\n\n<p><strong>N\u00e4r r\u00e4knar vi dig som anm\u00e4ld till lajvet?<\/strong><\/p>\n\n\n\n<p>Din lajvavgift g\u00e5r till mat, intrigf\u00f6rem\u00e5l, hygien och sjukv\u00e5rd, ved och vatten, transporter, subventionering av arrang\u00f6rer och funktion\u00e4rer. Eventuell vinst tillfaller f\u00f6reningen Berghems v\u00e4nner f\u00f6r underh\u00e5llet av lajvbyn Berghem.<\/p>\n\n\n\n<p><strong>Brytdatum f\u00f6r avanm\u00e4lningar<\/strong><\/p>\n\n\n\n<p>F\u00f6r att kunna vara ber\u00e4ttigad till \u00e5terbetalning f\u00f6r lajvet g\u00e4ller<\/p>\n\n\n\n<ul class=\"wp-block-list\">\n<li>100% av lajvavgiften fram till och med 31 mars 2026<\/li>\n<\/ul>\n\n\n\n<p><strong>Varf\u00f6r ska du avanm\u00e4la dig?<\/strong><\/p>\n\n\n\n<ul class=\"wp-block-list\">\n<li>Av s\u00e4kerhetssk\u00e4l beh\u00f6ver vi alltid veta vilka som befinner sig p\u00e5 lajvomr\u00e5det.<\/li>\n\n\n\n<li>Intriger kan vara beroende av din karakt\u00e4rer och beh\u00f6ver planeras i god tid om du uteblir.<\/li>\n<\/ul>\n\n\n\n<p><strong>Hur avanm\u00e4ler du dig?<\/strong><\/p>\n\n\n\n<p>F\u00f6r v\u00e5ra lajv g\u00e4ller f\u00f6ljande princip f\u00f6r avanm\u00e4lning:<\/p>\n\n\n\n<ul class=\"wp-block-list\">\n<li>Du kan bara avanm\u00e4la dig sj\u00e4lv eller ditt minder\u00e5riga barn (under 18 \u00e5r).<\/li>\n\n\n\n<li>Avanm\u00e4l dig s\u00e5 fort du vet att du inte kan komma p\u00e5 lajvet oavsett n\u00e4r det \u00e4r. Vi m\u00e5ste alltid veta vilka som kommer, \u00e4ven om det s\u00e5 \u00e4r samma dag som lajvet b\u00f6rjar.<\/li>\n\n\n\n<li>F\u00f6r att avanm\u00e4la dig sj\u00e4lv mejlar du: hfs@berghemsvanner.se och skriver:\n<ul class=\"wp-block-list\">\n<li>ditt fullst\u00e4ndiga namn<\/li>\n\n\n\n<li>orsak till avanm\u00e4lan<\/li>\n<\/ul>\n<\/li>\n<\/ul>\n\n\n\n<p>Samma dag som lajvet b\u00f6rjar vill vi att du ringer eller sms:ar en arrang\u00f6r eftersom vi inte kollar mejlen p\u00e5 omr\u00e5det.<\/p>\n\n\n\n<p><\/p>\n\n\n\n<p><\/p>\n","protected":false},"excerpt":{"rendered":"<p>Lajv:&nbsp;Handbok f\u00f6r superhj\u00e4ltar- Kraftkontroll\u00f6ren 2026 N\u00e4r:&nbsp;30-31 maj (l\u00f6rdag \u2013 s\u00f6ndag) 2026 Var:&nbsp;Berghems lajvby Pris: barn: 250kr, vuxen\/funktion\u00e4r: 150kr + medlemsavgift f\u00f6r Berghemsv\u00e4nner Antal platser: 40 barn + medf\u00f6ljande vuxenansvariga Sista dag f\u00f6r anm\u00e4lan:&nbsp;30 april \u00c5ldersgr\u00e4ns: \u00c5k 2-6 Anm\u00e4lningsl\u00e4nk till Omnes: H\u00c4R Hur du anm\u00e4ler dig i Omnes: F\u00f6rst n\u00e4r din anm\u00e4lningsavgift \u00e4r betald, din karakt\u00e4r&#8230;<\/p>\n","protected":false},"author":1,"featured_media":0,"parent":0,"menu_order":0,"comment_status":"closed","ping_status":"closed","template":"","meta":{"footnotes":""},"class_list":["post-90","page","type-page","status-publish","hentry"],"_links":{"self":[{"href":"https:\/\/hfs.berghemsvanner.se\/index.php?rest_route=\/wp\/v2\/pages\/90","targetHints":{"allow":["GET"]}}],"collection":[{"href":"https:\/\/hfs.berghemsvanner.se\/index.php?rest_route=\/wp\/v2\/pages"}],"about":[{"href":"https:\/\/hfs.berghemsvanner.se\/index.php?rest_route=\/wp\/v2\/types\/page"}],"author":[{"embeddable":true,"href":"https:\/\/hfs.berghemsvanner.se\/index.php?rest_route=\/wp\/v2\/users\/1"}],"replies":[{"embeddable":true,"href":"https:\/\/hfs.berghemsvanner.se\/index.php?rest_route=%2Fwp%2Fv2%2Fcomments&post=90"}],"version-history":[{"count":13,"href":"https:\/\/hfs.berghemsvanner.se\/index.php?rest_route=\/wp\/v2\/pages\/90\/revisions"}],"predecessor-version":[{"id":249,"href":"https:\/\/hfs.berghemsvanner.se\/index.php?rest_route=\/wp\/v2\/pages\/90\/revisions\/249"}],"wp:attachment":[{"href":"https:\/\/hfs.berghemsvanner.se\/index.php?rest_route=%2Fwp%2Fv2%2Fmedia&parent=90"}],"curies":[{"name":"wp","href":"https:\/\/api.w.org\/{rel}","templated":true}]}}